at is -105 + (4 + -29 + 22 - -31)?
-77
0 - (1 + 1) - (24 + (-20 - 18))
12
Evaluate (224 - 112) + (2 - 47).
67
What is 5 + -121 - 7 - (-15 - 21)?
-87
What is (-21 + 34 - 51) + 1 + 0 - (-13 + 1)?
-25
Calculate -155 + 107 + (2 - 20) - (16 + -10).
-72
(-6 - (-6 - 0 - -1 - -5 - 4)) + -33
-35
What is the value of -47 + 62 + -48 + 2?
-31
Evaluate -1 + 1 + -41 + -11 + 6 + 9 - 9.
-46
Calculate -14 + 5 - (25 + (10 - 41)).
-3
What is 2 + 14 + 110 + -39 + -115?
-28
(52 - (0 + 74)) + 58 - (-1 - 11)
48
-5 + (-20 - (8 + 8 + -18) - 11)
-34
What is 33 + -34 - (-24 - -2 - -4)?
17
Evaluate 41 + (-10 + 14 - (25 + (-18 - -10))).
28
What is the value of 6 - (-15 + 114 + -136)?
43
What is the value of -113 + 8 + 63 + (-2 - 4) + 9?
-39
What is the value of (28 - (-24 - -35 - 3)) + 17?
37
What is the value of 55 - 41 - (-10 + -1)?
25
Evaluate -1 + -14 - (-98 + 73 + 14).
-4
What is the value of -306 + 253 - (-52 - -1)?
-2
What is the value of -176 - -331 - (38 + 83)?
34
What is the value of -78 + (-3 - 1) + (18 - 12) + 11 + -3?
-68
What is (164 + -80 - 49) + -140?
-105
What is the value of 59 + -5 - -85 - 75?
64
Evaluate -53 + (111 - 106) - 7.
-55
6 + -32 - -45 - 43
-24
Calculate -2 - -84 - (22 - -5) - 15.
40
What is the value of (5 - (6 - -21) - -8) + 177 + -105?
58
Evaluate (-22 - -9) + -8 + (-4 - -4) + 4.
-17
Evaluate 13 - 41 - (137 + -174).
9
Evaluate (-34 + -4 - (-11 + -9 + 8)) + 11.
-15
What is (5 - (-12 + 24)) + 10 - (-33 + 3 + -11)?
44
What is -21 - (-18 - (-28 + (23 - -27)))?
19
What is the value of (-99 - (-93 - -75)) + 70?
-11
What is 62 - (-74 + -16 + 85)?
67
Calculate 172 + -195 - (2 - -15).
-40
-2 + -73 + -50 - (5 + -6)
-124
What is -1 + 64 - (-373 + 354 - (-28 - 1))?
53
Calculate -126 + (-113 - (86 + -215)).
-110
Evaluate -2 + 14 + (-454 - -422) - -25.
5
Calculate -39 - (-1 + -68 + 99).
-69
Calculate 169 + (121 - 300) + 0 + 3 + 80.
73
What is -4843 + 4871 + (-1 - 48)?
-21
(21 - 17) + 0 + (-6 - -4) + 7
9
Evaluate (12 - -3) + (-111 - -7) + 172.
83
What is 20 - ((7 - 61 - -36) + 169)?
-131
Calculate -37 + 71 + -63 + 19.
-10
Evaluate (-3 - -10 - (1 + 4)) + -7 - 3.
-8
(-1 - -4) + 4 - ((22 - (19 + 2)) + 1)
5
Evaluate -81 + 77 + -45 - (0 + 0 - -1).
-50
What is the value of 44 - 1 - ((27 - (-4 - -55)) + 14)?
53
What is 75 + -14 + -31 + -17 + 30 + 17?
60
Calculate -9 - (4 - (-12 - -35)) - (40 - (2 - 1)).
-29
Evaluate (11 - ((0 - -6) + (10 + -17 - 2))) + -69.
-55
What is the value of -6 - (0 - 11) - (-27 - -21) - (1 + -64)?
74
-21 + (-19 - (-16 + 33 + -14 + -21))
-22
Calculate -4 + -6 + 12 + 0 + 3 - -30.
35
What is the value of (15 - 0) + -45 + 42 + -11 + 1 + 48?
50
Evaluate -116 + -2 - (-2 - 8 - (27 + (19 - 60))).
-122
What is the value of -38 + -32 - (153 + -179)?
-44
What is 4 + 6 + 5 + -6 + -4 + (-71 - -113)?
47
Calculate -18 + (-17 - (-58 + 29)) - (1 - 82).
75
-18 - (-11 - (5 + 15)) - -26
39
What is 9 - (10 + -39) - (7 + (-6 - (7 - 14)))?
30
Calculate (-4 - (27 - 34)) + -31.
-28
(-1 - (35 + -17)) + (97 - -2) - (4 - 0)
76
What is (5 - 0) + -10 + (-49 + 2 - 0)?
-52
25 + -14 + -54 + (-147 - -87)
-103
Evaluate (2 - 19 - -4) + 32 - 48.
-29
What is -1 + (-11 - -18) + (-49 - -7) + -3?
-39
What is -24 - (58 - 89) - (1 + 14 - -3)?
-11
What is the value of -2 - ((-12 - -20) + 32 + -53)?
11
(24 - -2) + (62 - 82) + -41
-35
Calculate (33 - (-55 + 91)) + (-16 - -1) + 1.
-17
Evaluate 1 + 7 + -9 + 16 + -52.
-37
Evaluate -42 - -23 - -15 - (78 + 0) - 16.
-98
What is the value of 22 - ((-58 - (-31 - 9)) + -94)?
134
27 + -27 + 44 + -2 + (1 - -4) + 0
47
What is the value of -8 - (5 + (2 - (-12 + 82) - -7))?
48
-3 + 10 - (8 + -11 - -6 - 13)
17
Calculate 0 + (-71 - 0) - (7626 - 7639).
-58
What is 39 + 4 + 290 + -330?
3
What is 10 - (-13 + (2 - -4) + -11)?
28
Evaluate -4 + 9 + -11 + 5 + -26 + 33 + -56.
-50
What is the value of -1 + 18 - (-32 + 27 + -48)?
70
What is (2 - 9) + 21 + 10 - 8 - -7?
23
Calculate 0 - -13 - (70 + -53) - (1 - 12).
7
Calculate 34 - -114 - (230 + -42).
-40
Evaluate (12 - -1 - -5 - (-26 + -1)) + 14.
59
Evaluate -64 + 3 - (-63 - (-53 - 17)).
-68
What is -20 + 8 + (-23 - -14) + 2?
-19
What is the value of -14 - (-162 + 68 + -39 + 36)?
83
Evaluate -13 + -13 + 35 + -10 + (-1 - -1).
-1
-80 - (-32 - (16 - (10 - -5) - 24))
-71
What is -13 + (7 + -13 - -15) - (12 - 5)?
-11
Evaluate -53 + (46 - (-15 - -4)).
4
What is the value of -82 + 51 + (16 - 3) - -65?
47
Evaluate 1 - 0 - (1 + -1 + (9 - 3)) - 80.
-85
-84 - (-39 + (39 - 51))
-33
Calculate 52 + -39 + 20 - (1 + 2 - 8).
38
0 + (49 - 1 - 6) + 6 + -1 + -9
38
What is the value of -21 - (-219 - -194) - (1 + 0 + -4)?
7
What is (34 - (9 + 8)) + -33 + 7 + -13?
-22
Evaluate -23 + -26 + 6 + 37 + 76.
70
What is (132 - (-35 + 108)) + (0 - 13)?
46
Calculate -43 + 42 + (-42 - -36).
-7
Calculate 17 + 16 + -22 + 46.
57
What is 16 + (7 - -5) - (39 + 46)?
-57
5 - (-20 + (-1 - -17)) - (-11 + -12)
32
Evaluate -67 + 86 + 0 + -74.
-55
Calculate (0 - 2) + 7 - (1 + -3 - (693 + -673)).
27
1 - (-89 + 7 + (1 - -13) + -2)
71
What is -1 + (-1 - -1 - (-25 - (-53 + 21))) + -20?
-28
-45 + (-25 - (-14 - -7) - -1 - (68 + -73))
-57
What is -56 + 64 + -145 + 65?
-72
What is the value of -4 - (58 + -106 + 45) - (0 + 0 + -120)?
119
What is -22 + (19 - (-8 + 20)) + 15 + -124?
-124
What is -19 + -2 + (42 - 60) + 2?
-37
Calculate -16 - (-10 - (-70 - (-6 + 8 + -20 + 6))).
-64
Calculate (-3 - 26) + (-3349 - -3284).
-94
(-1 - (-1 + 0)) + (32 - 5) + -14
13
Evaluate (60 + -22 - 37) + -35.
-34
-11837 + 11869 + (1 - 27)
6
What is (-34 - -17) + -22 + 64?
25
-115 + (-74 - -93) + 91
-5
What is -30 - ((-22 - 28) + 64)?
-44
What is -28 + 15 + -8 - (-2 + -59)?
40
Evaluate -83 + 30 + (16 - (17 - 9)) + 5.
-40
What is the value of -37 + 41 + -4 + (-32 - -8)?
-24
Calculate (48 - 0) + (-119 - (21 - 124)).
32
Evaluate 149 + -30 + -96 + 28 + 2.
53
Evaluate 33 + -176 + 164 - (16 + 0).
5
-97 - ((3 - -28) + -10 + -28)
-90
Calculate -25 - (-5 + -5 + 3 - -22 - 11).
-29
2 + (-7 - (-1 - 13)) + -104 - (-11 - 1)
-83
Calculate -1 + (0 - -113) + (1 - 24 - (-9 + -4)).
102
What is -64 - ((24 - 70) + 55)?
-73
What is (-17 - -2) + -35 + 38 + -43 - -4?
-51
-6 - (5 - 34) - (-6 - (-5 - -7))
31
What is the value of 5 + -33 + 40 + -40 - 11?
-39
What is the value of 4 + 0 + (-3 - -6) + (-190 - (-24 - 60))?
-99
Evaluate -81 + (163 - 90) + (-1 + 0 - 1 - -36).
26
What is the value of 3 + 5 + 11 + 3 + -16 + -64 + -3?
-61
What is the value of 21 - (-18 + 4 + 11 + (12 - -3))?
9
Evaluate 22 - (3 - 16 - -4 - -9 - -11).
11
What is the value of -14 - (18 - 22 - (4 - (11 + 7)))?
-24
Evaluate -1 - -125 - (-17 + 2 + 0 + -784 + 794).
129
Calculate -65 - -124 - (9 + -9 + -4).
63
Evaluate -16 - (-17 - (4 - -11)) - 25.
-9
What is the value of 23 + 9 - (296 - 200)?
-64
What is -6 - 10 - (2 + -34 + 2)?
14
136 - (170 - 33) - (-1 + -3 - (0 - -1))
4
What is 73 - 21 - (19 + 10 - 20)?
43
Calculate -145 - (-3 - (20 - -39)).
-83
Evaluate 74 + 17 - (-16 - (-12 - 25)).
70
Evaluate 44 + -30 - (-102 - -135).
-19
-82 - (15 - 28) - -48
-21
-31 - -1 - (-18 + (-9 - (-11 - 0)) + 20)
-34
What is the value of 24 + -36 + (9 - (-10 - (1 + -10)))?
-2
-6 + -15 + (-4 + 33 - 12 - -5 - 11)
-10
What is (-76 - ((-3 - 0) + (118 - 120))) + -6?
-77
What is (-16 - -93) + -38 + 1?
40
What is -126 + 55 + 18 + (-11 - 45)?
-109
Calculate (4 - 2) + 7 - (63 + -96 + 15).
27
What is the value of (2 - -25 - 50 - -7) + (0 - -98)?
82
Calculate (-39 - -118 - 95) + -7 + -22.
-45
What is 0 + 38 + 51 + -23 + -136?
-70
Evaluate 2 + (1 + -82 - (-23 + 51 + -26)).
-81
Calculate (10 - 6 - (-45 - -69)) + -73.
-93
What is the value of -3550 + 3546 + (-1 - -56)?
51
(107 - -5 - 97) + -68
-53
-4 + (-76 - 0) + (24 - (31 - 27))
-60
-1 + 2 + 117 - ((9 - 17) + (20 - 5))
111
Calculate (-1 - (-2 + 1 + 5)) + (226 - 260).
-39
Calculate 7 + -7 + (130 + -150 - (-12 + 2)).
-10
What is (0 - -1 - -108) + (-307 - (-220 + -87))?
109
Evaluate -29 + -11 - (-3 - 55).
18
What is the value of -2 - -27 - (6 - (-12 - (10 + -19)))?
16
Calculate -50 + (22 - 23) + -17 + (6 - -2) + 0.
-60
What is 1 - (-64 + 33 - -58)?
-26
What is 153 + -70 + -69 + 12?
26
Evaluate 34 - (9 + 14 - -39).
-28
Evaluate 11 + (12 - -21 - 49) + (52 - (-2 + 2)).
47
(29 - (22 + -23)) + -21 - (-9 + 2 - 2)
18
What is the value of 3 + -4 - 8 - (-29 - -21 - 37)?
36
What is the value of (11 + -8 - -82) + (16 - 23 - -16)?
94
Ca